?
18
Suppose 2 = c - 12. Let f = 27 - c. Calculate the highest common factor of f and 52.
13
Suppose 9 = 3*q + 3*k, -k - 4*k = 25. Let l = -6 + q. Suppose x + l*x = 45. What is the greatest common factor of x and 75?
15
Suppose -12 = -3*o + 5*o - 4*x, 3*o - 3*x = -18. Let m be (-5)/(-15) + (-304)/o. Suppose -3*j + 51 = -0*j. Calculate the greatest common factor of j and m.
17
Let p(n) = -2 + 1 + 2 - n + 4. Let j be p(0). Let f be 5/(2*1/4). Calculate the highest common divisor of j and f.
5
Let o = 41 - 21. Suppose 0 = 2*z + z - 15, 0 = -4*c - 4*z + 36. Calculate the greatest common factor of c and o.
4
Let z(s) = 5*s**2 - 3*s - 3. Let d be z(-6). Calculate the greatest common divisor of d and 39.
39
Let l be 48/21 + -2 + (-57)/(-21). Let t be (-14)/3*(-9)/2. Calculate the highest common divisor of t and l.
3
Suppose -6*u + 2 = -4*u. Calculate the greatest common divisor of u and 8.
1
Suppose -5*q - 31 = -746. Let c(s) = -s**2 + 7*s + 7. Let g be c(6). What is the greatest common factor of q and g?
13
Let h be (-10)/(-2)*(-12)/(-15). Let m(k) = -k**2 - 12*k - 4. Let y be m(-8). Calculate the highest common factor of y and h.
4
Suppose 0 = -2*k - w + 84, 2*k - 2*w - 72 = -6*w. Calculate the greatest common factor of k and 4.
4
Let o(m) = m**3 + 4*m**2 - 6*m - 5. Let h be o(-5). Suppose -1 = -0*d + 3*d - 5*c, 2*c - 10 = h. Calculate the greatest common factor of 24 and d.
8
Let u = 51 + -35. What is the greatest common factor of u and 24?
8
Suppose -u + 2 = u - 2*v, u - 7 = -5*v. What is the highest common factor of 14 and u?
2
Suppose 36 = m - 5*i + 9*i, -5*i - 54 = -m. Let a = m + -31. What is the highest common factor of 39 and a?
13
Let h be -5 + 2 + 1 + 37. Suppose 0 = -x + 6*x - h. What is the greatest common factor of x and 77?
7
Let n = -17 + 22. Suppose 1 - 276 = -n*i. Calculate the greatest common divisor of i and 5.
5
Suppose -4*l - 3*l + 182 = 0. What is the highest common factor of 234 and l?
26
Let s(m) = 14*m - 42. Let w be s(14). Calculate the greatest common factor of w and 14.
14
Let o = 105 - 39. Let q = -20 + -3. Let k = 34 + q. Calculate the greatest common factor of o and k.
11
Suppose 0 = -4*w + 60. Let z = 33 - w. What is the greatest common factor of z and 2?
2
Let t = -37 - -64. Calculate the highest common divisor of 432 and t.
27
Let m(h) = 9*h + 1. Let v be m(1). Let q = 138 + -70. Suppose 3*n - q = -3*f - f, 0 = -3*f - 4*n + 44. What is the highest common divisor of f and v?
10
Let s(w) = -176*w**2 - w. Let c be s(-1). Let g = -121 - c. Calculate the greatest common factor of 6 and g.
6
Suppose 2*z + 4*q - 56 = 0, 5*z + 2*q - 188 = 4*q. Suppose 0*r - 4 = -r. Calculate the highest common factor of z and r.
4
Suppose 229 + 71 = 3*s. Suppose -3*i - 5*d + s = 26, -3*d + 84 = 3*i. Calculate the greatest common divisor of 22 and i.
11
Suppose 5*z - 161 = -n, 2*z - 83 + 17 = -2*n. What is the greatest common divisor of 4 and z?
4
Suppose -2*w - 3*h = -6 - 9, -5*h - 40 = -w. What is the highest common divisor of 105 and w?
15
Let z be (8/10)/(4/20). Let b = -4 + z. Suppose b = -2*a - 1 + 17. What is the highest common divisor of 2 and a?
2
Suppose -2*o = -o - 69. Let b = -39 + o. Let c = b + -20. What is the greatest common factor of 15 and c?
5
Suppose 2*x - x - 56 = 2*s, -x + 4*s = -52. What is the highest common divisor of x and 15?
15
Let a = -203 + 313. What is the highest common divisor of a and 10?
10
Suppose -10 = 2*i, -5*m - 5*i - 56 = -231. Calculate the greatest common factor of m and 5.
5
Let p = 17 + -10. Suppose -p = w - 0*w. Let l(x) = 3*x**2 + 4*x + 1. Let v be l(w). Calculate the highest common divisor of v and 15.
15
Let c(a) = 3*a**3 - 2*a - 1. Let q be c(-1). Let j(l) = -70*l. Let z be j(q). What is the highest common factor of 20 and z?
20
Let f = 74 - -7. Suppose 5*q = -5*o, -8 = -5*q + 2*q + o. Suppose s - 9 = q*j, -4*j = -j. Calculate the greatest common divisor of s and f.
9
Suppose -2*f + 45 = f. Let c = -7 + f. What is the greatest common divisor of 20 and c?
4
Suppose -2*w = -2*a - 2 + 8, 3*a - 5*w - 5 = 0. Suppose -a*g + 0*f + 486 = f, 2*g = 5*f + 216. Calculate the highest common divisor of 14 and g.
14
Suppose 0*b = -2*b + 3*z + 18, 0 = 4*b + 5*z - 36. Let m(c) = -c**2 + 15*c - 10. Let j be m(b). Calculate the highest common divisor of 110 and j.
22
Suppose -4*s = -3*c + 13, 0 = -4*s + 2 - 6. Suppose 3*i - i = 12. Suppose -c*p + 36 = -i. What is the highest common factor of 2 and p?
2
Suppose 3*a - 4*a = -30. Calculate the highest common factor of a and 12.
6
Suppose 0 = l - 0*l - 9. What is the greatest common factor of 18 and l?
9
Let p(h) = h**2 - 2*h - 11. Let r be p(5). What is the highest common factor of r and 32?
4
Suppose -8 = -6*j + 2*j. Let t be (-5)/(-10)*19*j. What is the highest common divisor of t and 19?
19
Suppose -5*j + 25 = -20. Suppose -4*q = -j*q + 2*z + 81, 4*q + z - 57 = 0. Calculate the greatest common factor of q and 60.
15
Let c = -1 + 6. Suppose -c - 8 = -j. Let p(a) = -2*a - 19. Let s be p(-16). What is the greatest common factor of s and j?
13
Suppose 5*u - 4*m - 33 - 39 = 0, -4*u + m = -62. Calculate the greatest common divisor of u and 144.
16
Suppose 0 = -4*u + 36. Let z be ((-3)/(-7))/((-4)/(-28)). What is the highest common divisor of u and z?
3
Suppose 3*u - 2*y = 39, 0 = u - 6*u - y + 78. Suppose 4*v + 0*v + 4*h - 4 = 0, 0 = 4*v + 5*h. What is the highest common divisor of u and v?
5
Let a be 1/2 + (-69)/(-2). Suppose 2*u - n - 13 = 0, u - 11 = 2*n - 6*n. What is the greatest common factor of a and u?
7
Suppose s = -4*s - 115. Let x = 43 + s. What is the highest common divisor of x and 4?
4
Let b be -5*(0 + -2*1). Suppose -3*i + 0*i - 5*x + 43 = 0, -2*x = i - 16. Suppose -i = o - 46. Calculate the highest common factor of b and o.
10
Let i be (4/10)/(2/50). Suppose -20 = -5*r + i. Calculate the highest common divisor of 2 and r.
2
Let k(w) = 2*w**2 + 20*w + 17. Let s be k(-11). Calculate the highest common divisor of s and 39.
39
Let v(l) = l**3 + 6*l**2 - 9*l - 10. Let f be v(-7). Suppose -2*q = m - 5 - 25, 0 = f*q - 16. Calculate the highest common divisor of m and 11.
11
Suppose -21 = -b - 3*d, -5*b + 0*b + 79 = 2*d. What is the highest common divisor of b and 5?
5
Let k be (-2)/3 - (-96)/(-18). Let g be (-63)/6*k/9. Let y(p) = p**3 + 6*p**2 - 4*p - 4. Let l be y(-3). Calculate the highest common factor of g and l.
7
Let u = -2 - 2. Let y(q) = -4 + 4 - 4*q. Let l be y(u). Calculate the greatest common factor of 8 and l.
8
Let s be 18/(-5)*45/(-27). What is the greatest common divisor of s and 1?
1
Let r be 1/(-3) - 44/(-6). Let o = -14 + r. Let z = 11 + o. What is the greatest common divisor of z and 4?
4
Let d be (-1110)/9*(-6)/4. Suppose 0 = -4*y + 39 + d. Let u = y + -16. Calculate the highest common divisor of 4 and u.
4
Suppose x + 87 = -3*j, -4*x = -4*j + 34 - 166. Let z = 53 + j. Calculate the greatest common divisor of 161 and z.
23
Suppose -5*b + 25 = -0*b. Let v = -1 + b. Let y(h) = 28*h + 5. Let l be y(v). What is the greatest common divisor of l and 13?
13
Let t be 111 + (-1 - (-24)/6). What is the highest common divisor of t and 76?
38
Let k be -108*1/(-6)*3. Calculate the greatest common factor of 27 and k.
27
Let m(z) be the second derivative of z**4/6 + z**3/6 - 3*z**2/2 + 3*z. Let t be m(3). Calculate the greatest common divisor of t and 2.
2
Suppose -3*g + 4*g = 1. Let r be (-2)/g + (3 - 4). Let b = 14 + r. Calculate the greatest common factor of b and 77.
11
Let t be 1/5 + (-545)/(-25). Calculate the highest common divisor of 154 and t.
22
Let z be ((-4)/6)/(14/(-357)). Let f = -16 + z. What is the highest common divisor of 3 and f?
1
Let s = 5 - -35. Let m = 11 - 9. Suppose 8*j - 32 = -m*w + 4*j, 2*j = 2*w - 8. Calculate the greatest common factor of w and s.
8
Suppose 5*i - 62 + 22 = 0. Let x(o) = -o**3 + 3*o**2 + 1. Let h be x(3). Let j be h/(3*(-1)/(-72)). What is the highest common divisor of i and j?
8
Let n be 1 + 4*33/6. Let g be 0 + (-6)/3 + n. What is the highest common factor of g and 7?
7
Let m(v) = -v + 5 - 7 - 4 + 12*v. Let x be m(6). Calculate the highest common factor of x and 40.
20
Suppose -156 = -3*a - 81. Suppose 0 = g - 2*g + 5. Calculate the greatest common factor of g and a.
5
Let b(y) = -35*y. Let z be b(-2)